 Let g be j(19). Let m(h) = -h**2 + 5*h + 4. What is m(g)?
4
Suppose -5*w + 24 - 9 = 0. Let c = -2 + w. Let h(y) = 0 - 3*y - c + 0 + 2*y - y**2. Give h(-2).
-3
Let t = -23 - -12. Let c = -8 - t. Let w(k) = 0*k - 4 + 3*k + 0. Give w(c).
5
Let x(y) = -4*y**2 + 8*y - 16*y + 5*y**2 + 6*y. Calculate x(2).
0
Let n be (-15)/((-2)/4 + -1). Suppose 4*p + n = 38. Let j(c) = -c**2 + 7*c + 1. Calculate j(p).
1
Let q(i) = -6*i**2 + i + 12. Let r(h) = 5*h**2 - 11. Let b(w) = 4*q(w) + 5*r(w). What is b(-5)?
-2
Let l(z) be the third derivative of z**5/30 + z**4/24 - z**3/3 + 14*z**2. Give l(-2).
4
Let v(p) be the second derivative of -5*p**3/6 - p**2/2 + 13*p. Determine v(-1).
4
Let l(w) be the second derivative of 3/2*w**2 - 4*w + 0 - 1/12*w**4 + 1/20*w**5 - 1/3*w**3. Give l(2).
3
Let d(o) = 0 + 2*o**2 + 4*o - 1 - 3*o. Let i = 0 - -2. Calculate d(i).
9
Let z(x) = x**2 + 8*x + 10. Let p = 1 - 8. Let v be z(p). Let g(s) = s**2 + s + 2. Let l(k) = k. Let j(h) = g(h) - 4*l(h). Determine j(v).
2
Let r be 69/(-15) + 2/(-5). Let v(a) be the second derivative of 3*a**2 + 1/3*a**3 + 0 - 4*a. Give v(r).
-4
Let q(l) = l**3 - 3*l - 1. Let s be 4/2 - (3 + 1). What is q(s)?
-3
Let b(i) be the second derivative of -1/6*i**3 + 6*i + i**2 + 0. Give b(3).
-1
Let n(w) = -w + 3. Let j(g) = -g**2 - 9*g + 10. Let r be j(-9). Suppose 2*s - 3*t = -0*t + 18, -r = 5*t. Determine n(s).
-3
Let v = 2 - 3. Let b = v + 3. Let l = -2 - b. Let f(m) = -m**2 - 6*m - 4. Give f(l).
4
Let y(u) = 20*u**3 + 5*u**2 - 26*u + 6. Let b(v) = -7*v**3 - 2*v**2 + 9*v - 2. Let m(l) = 17*b(l) + 6*y(l). Let w = 14 + -10. Determine m(w).
-10
Let j(m) = m**2 + 7*m + 4. Let v = 5 + -12. Calculate j(v).
4
Let w(p) = -2*p - 9. Let r be w(-6). Let o be r*((-16)/(-6) + -2). Let c be (-2)/(-6) - o/6. Let t(i) = -i - 7. Give t(c).
-7
Let n(m) = -20*m**3 + 11*m**2 + 14*m + 3. Let l(w) = 7*w**3 - 4*w**2 - 5*w - 1. Let s(y) = 8*l(y) + 3*n(y). Determine s(-1).
4
Let z(u) = -u**2 + 4*u. Let i(h) = -h + 11. Let p be i(7). Determine z(p).
0
Let v(y) be the first derivative of -y**2/2 - 2*y - 56. Let g = 4 + 1. What is v(g)?
-7
Let k(u) = u**3 - 7*u**2 + 6. Suppose -6 = 5*c - 2*l - 14, c - 3 = -l. Suppose 2*a = h - 17, 1 = -h - 2*a - c. Determine k(h).
6
Let o(l) be the second derivative of -l**4/6 + l**3/3 + l**2/2 + l. Let y(c) = c + 7. Let f be y(-5). Suppose -s = 4*d - 10, -d + 9 - 3 = f*s. Give o(s).
-3
Let a(z) be the second derivative of z**4/12 - 5*z**3/6 - 2*z**2 + z. Let o be (-4)/6 + (-462)/(-18). Suppose 2*v - o = -3*v. Give a(v).
-4
Let d = 14 + -6. Let b = 5 + d. Suppose -b = 2*p - 3. Let a(v) = v + 12. Determine a(p).
7
Let w(o) = -o + 11. Let t(f) = f**3 + 7*f**2 + 3. Suppose -2*h + 5*k = 9, -5*k - 26 = 2*h - 7. Let z be t(h). Suppose 0 = 2*x + z*x - 25. Determine w(x).
6
Let n(t) = -t**3 - 6*t**2 - 5*t - 7. Suppose 0 = 3*j - 5*j + 8. Let b be (-22)/j + 1/2. What is n(b)?
-7
Let f = -13 + 16. Suppose -u = 2*h + 12, -4 = -f*u - 0*h + 4*h. Let k(n) = -2*n - 5. Give k(u).
3
Let k(b) = -11*b**3 + 33*b**2 - 27*b - 27. Let x(f) = 4*f**3 - 11*f**2 + 9*f + 9. Let c(i) = -3*k(i) - 8*x(i). Give c(10).
-1
Let c(t) = 2*t - 1. Let y be c(1). Suppose 0 = -3*a + 11 + 10. Let v(f) = -1 + y - a*f. What is v(1)?
-7
Let p(d) = -2*d**2 - 3*d - 1. Let u = -4 + 9. Suppose -4 + 2 = -o. Suppose 3*w + o*s + 12 = 0, -21 = -w + u*s - 8. What is p(w)?
-3
Let b(a) = -7*a**2 - a - 3. Let i(p) = -3*p**2 - p - 2. Let u(t) = 2*b(t) - 5*i(t). Let v be u(-3). Let q(s) = -s + 2. Calculate q(v).
-2
Let b(n) = n**3 + n**2 + n - 6. Suppose z - 20 = -5*y, -y + 8 = z + y. Give b(z).
-6
Let z(o) = -4*o**3 + o**2 + o + 1. Let t be 0/1 - (0 - 88). Let x be (-9)/6*t/(-6). Let h be (-2)/(-9) + x/(-18). Calculate z(h).
5
Let q(d) = -3*d - 7 - d**2 + 11 + 2*d. Calculate q(0).
4
Let y(n) = -3 + n**2 + 3*n**3 + 5*n - 5*n**2 - 2*n**3. Give y(4).
17
Let g(h) = 8 + 2 + 3*h - 4*h. Let f be g(8). Let k(x) = 3*x**3 + 0*x**3 - f*x**2 - 4*x**3 - 2 - 3*x. Give k(-2).
4
Let k(w) = 6*w. Suppose 120 = 5*r + 5*p, -4*r - 3*p = r - 120. Suppose -2*o - 3*b = -16, -o + 4*b - r = -5*o. Give k(o).
12
Let x(f) = f**2 + 5*f + 3. Suppose -2*t = -9 - 21. Suppose g = 4*g + t. Calculate x(g).
3
Let j(a) be the first derivative of a**3/3 + 5*a**2/2 - 6*a + 1. Let l(t) = -t**3 - 7*t**2 + 8*t + 6. Let q be l(-8). Let s be (-28)/q + (-2)/6. Determine j(s).
-6
Suppose -3*x + 2*b + 4 = -7, -4*x + 4*b + 12 = 0. Let u = x + -2. Suppose 2 = m - u*m. Let z(r) = -6*r - 1. Give z(m).
5
Let d(h) = -2*h - 3*h + h**2 + 4*h. Suppose 4 = 5*c + w, 14 = 2*c + 3*w + 2. Calculate d(c).
0
Suppose -3*m + 0*m + 3 = 3*n, -20 = 4*n. Let a be 1*(-2 - -3 - m). Let z(t) = t**3 + 4*t**2 - 4*t + 6. Let u be z(a). Let s(c) = 6*c**2 - 1. What is s(u)?
5
Let s(i) = -i**2 + 7. Let b(u) = -u**2 - 3 + 11 + 0*u**2. Let t(j) = 5*b(j) - 6*s(j). Suppose -2*k + 5*k - 6 = 0. Calculate t(k).
2
Let q(k) = -k**2 + 2*k + 3. Let p(i) = -2*i - 3. Let u(w) = 4*p(w) + 5*q(w). Let m(j) = -j**2 - j + 1. Let l(r) = 4*m(r) - u(r). Give l(5).
-4
Let w = 7 - 12. Let q(o) = o + 3*o - 2*o**3 + o**3 - 2 - 4 - 4*o**2. Determine q(w).
-1
Let z(t) be the second derivative of t**5/20 + t**4/12 - t**3/2 + 2*t**2 - 42*t. What is z(-3)?
-5
Let w be 2/6 + 32/12. Let u(a) = -a**2 + 3*a + 3. Let y be u(w). Let d(m) = -2*m - y*m + 4*m + 3. Calculate d(-5).
8
Let a(f) = -2*f - 3. Suppose -46 = 10*o + 14. Calculate a(o).
9
Let f(v) = -7*v**3 - 3*v**2 - 3*v. Let p(t) = -t**3 + 4*t**2 - 5. Let i be p(4). Let l(r) = -14*r**3 - 5*r**2 - 5*r. Let h(d) = i*f(d) + 3*l(d). What is h(1)?
-7
Let z(h) = -3*h**2 + h + 2. Let r(w) = w + 6. Let g be r(-8). Determine z(g).
-12
Let j = 2 - 4. Suppose 4*x = -i - 14, 9*x = 4*i + 4*x - 28. Let k(s) = -30*s**i + 27*s**2 - 5 - 3*s + 3 - s**3. What is k(j)?
0
Let m(q) = -q**2 - 7*q + 5. Let z(d) = 2*d**2 + 13*d - 9. Let o(l) = -7*m(l) - 4*z(l). Let a(s) = -s**3 - 5*s**2 + 2*s + 8. Let i be a(-5). What is o(i)?
3
Let w(v) be the first derivative of v**4/4 - 7*v**3/3 + 2*v**2 + 4*v - 1. Suppose -30 = -22*f + 17*f. Calculate w(f).
-8
Let a(c) = c - 10. Suppose 3*j = -66 - 141. Let y be 2/5 - j/15. Determine a(y).
-5
Let k(b) = b - 2. Suppose -29 - 51 = -5*n. Let g be 20*(36/n - 2). Give k(g).
3
Let h(d) be the second derivative of 4*d**3/3 - d**2 + 24*d. What is h(3)?
22
Let q(b) = -b**2 + b. Let v(p) = 5*p**2 + p + 1. Let w(f) = -4*q(f) - v(f). Let g be w(-5). Let d(u) be the third derivative of -u**6/120 - 2*u**2. Give d(g).
1
Let d = 142 + -136. Let w(t) = t**2 - 4*t - 6. Calculate w(d).
6
Let s(z) = 1 + 494*z**3 - 4*z - 4*z**2 + 3*z - 493*z**3. Determine s(4).
-3
Let a(n) = -3*n**2 - 47*n + 0*n**2 + 4 + 3*n**3 + 46*n - 2*n**3. Determine a(3).
1
Let f(t) = 2*t**2 - 5*t - 4. Let n(s) = -s**3 - 10*s**2 - 9*s + 4. Suppose -5*y = 10, 2*i + 0*i - 3*y + 12 = 0. Let k be n(i). Calculate f(k).
8
Let y(x) = -3*x**2 - x + 2. Let b be 16/(-6)*(-6)/(-4). Let t(a) = -a**2 - 3*a + 2. Let j be t(b). Let v = -4 - j. What is y(v)?
-8
Let r(w) be the third derivative of -w**6/120 + w**5/12 - 5*w**4/24 + w**3/2 + w**2. Let i = -31 + 34. What is r(i)?
6
Let d(f) = 2*f + 8. Let v(y) = y + 7. Let h(b) = 2*d(b) - 3*v(b). Calculate h(0).
-5
Let g(n) = -n**3 + 2*n**2 + 8*n - 10. Let m(u) = -u**2 - 1. Let s(c) = g(c) - 5*m(c). Calculate s(8).
-5
Let c be (-1)/((-5 + 6)/(-1)). Let y(l) = -7*l**2 + 1 - 6*l**2 + 0*l**2. Calculate y(c).
-12
Let p(r) = -4*r**2 - r + 5. Let u(a) = -a**2. Let i(b) = -p(b) + 5*u(b). Give i(0).
-5
Let a(p) be the first derivative of p**3/3 - p**2/2 + p - 46. Determine a(2).
3
Let j be -3 - (-45)/(-20) - (-2)/8. Let x(c) = -c**3 - 5*c**2 - c - 5. What is x(j)?
0
Let p be 267/9 + (-4)/(-12). Suppose -6*l + l = -p. Let y(h) be the first derivative of -h**4/4 + 2*h**3 - 2*h - 2. Give y(l).
-2
Suppose 2*l = 2*b - 6*b - 12, 12 = -3*b. Let s(m) = -m**3 + 2*m - 8*m**2 - 5 + 8 + 5*m**l. Let r be 5 - 7 - (-1)/(-1). Determine s(r).
-3
Let f(t) = 2*t + 3. Let c(x) = -x - 3. Let n(g) = -4*c(g) - 3*f(g). What is n(2)?
-1
Let z(s) = s - 1. Let l(f) = -f**3 + 2*f**2 - 2*f + 2. Let w(b) = l(b) - z(b). Let m be (-2)/(-1) + 0/1. Calculate w(m).
-3
Suppose -30*i + 35*i + 20 = 0. Let c(n) = n**3 + 4*n**2 - 3*n. Give c(i).
12
Let q be -2 - -2 - (-3 + 1). Let v(y) = -2*y**q - 1 + 9*y + y**2 + 0 - 10*y. Give v(-3).
-7
Let w be 11/4 + 1/4. Suppos